d derivative of t(i). What is c(2)?
-3
Let m(p) = p**2 - 4*p - 12. Let c be m(6). Let z(l) = -2 + 0*l + 0*l - l. What is z(c)?
-2
Let j = -3 - -5. Suppose j*d = 1 - 5. Let n(u) = 2*u - 1. Let v be n(d). Let r(k) = k**2 + 4*k - 6. Calculate r(v).
-1
Suppose 0 = -3*o - 3*q - 3 - 9, -5*q - 22 = 3*o. Let i(t) = 6*t**3 - t**2 + 2*t - 1. Give i(o).
6
Let c = -5 - -7. Let k(i) = 3*i**2 - i - 2*i**2 + 5*i - 2*i**c. Determine k(5).
-5
Let m = 9 - 8. Let j be ((-2)/2)/m*1. Let i(p) = -1 - 1 + 5*p**2 - 2*p + 1. Give i(j).
6
Let f(t) = -t**2 - 5*t - 3. Let d(q) = q**2 + 4*q + 2. Let i(n) = -2*d(n) - 3*f(n). What is i(-5)?
-5
Suppose 2*f - 3*j + 15 = 5*f, -11 = f - 3*j. Let a = 2 - f. Let x(d) = -d**2 - d. Let w(s) = -s**2 - s - 1. Let v(r) = w(r) - 3*x(r). Give v(a).
3
Suppose 5*f + 14 = -1. Let z(t) be the first derivative of t**2/2 + 4*t + 1. Determine z(f).
1
Let q(m) = -3*m**3 - 10 + 8*m**2 + 10*m**3 - 8*m**3 + 11*m. Calculate q(9).
8
Let p(i) = i**3 + 4*i**2 + 2*i + 5. Suppose -2*o = -3*n - 3, -3*n = -4*n - 1. Let k be 0/2 + (-4 - o). Determine p(k).
-3
Let s(f) = -7*f + 12*f - f**2 + 3*f. Let o be s(8). Let z(r) = r**2 + r + 3. What is z(o)?
3
Let d be (-3 + 4)*(-1 + -1). Let r(y) = y**2 + 2*y + 3. Let m(a) = 4*a**2 + 7*a + 9. Let u(t) = d*m(t) + 7*r(t). Determine u(-3).
-6
Let i(w) = w**2 + 1. Suppose -2*h + l = -5*h + 2, -5*l - 7 = -2*h. Suppose h = -5*c + 6. Determine i(c).
2
Suppose 16 = -0*q + 4*q. Let c(a) = 5*a**2 - 3*a - 12. Let t(l) = -14*l**2 + 8*l + 35. Let u(m) = q*t(m) + 11*c(m). Suppose v = -3*v. What is u(v)?
8
Let o be ((-6)/2 - -15)*1. Let t(a) = -a + 9. Let w be t(o). Let d(k) be the third derivative of k**5/60 + k**4/24 - 2*k**3/3 + k**2. Give d(w).
2
Let x(z) be the second derivative of z**6/120 - z**5/60 + z**4/8 - z**3/3 - z**2 - 3*z. Let a(p) be the first derivative of x(p). Calculate a(2).
8
Let g(w) = 10*w. Let c(o) = o**3 - 3*o**2 + o - 4. Suppose 0*z = -2*z + 4. Let h be 1/z + 5/2. Let u be c(h). Determine g(u).
-10
Let r(n) = 2*n - 3. Suppose 3*w = 3*c - 9, 5*w + 5 + 26 = -3*c. Let m be 80/30*3/c. Give r(m).
-11
Let p be (-62)/(-5) + (-14)/35. Let s = 11 - p. Let g(j) = -5*j - 1. Determine g(s).
4
Let b(l) = 7*l**2 + 10*l - 11. Let a(h) = -3*h**2 - 5*h + 6. Let f(p) = -5*a(p) - 2*b(p). Determine f(-6).
-2
Let v(q) be the third derivative of -1/3*q**3 + 1/24*q**4 + 3*q**2 + 0*q + 0. What is v(6)?
4
Let f(o) = -o + 9. Let b be 3*10*(-3)/(-18). Suppose 2*g + 5*l = 5*g - 23, b = -5*l. Give f(g).
3
Let l(y) be the first derivative of y**2 + 4*y + 5. Suppose -5*u - 25 = r, r + r + 4*u + 26 = 0. What is l(r)?
-6
Let d(g) = -g**2 - 4*g + 1. Let t = 48 - 31. Suppose t = -5*i + l, -4*i + 6*l = 3*l + 7. Calculate d(i).
1
Let u be (-1)/(1*2/(-6)). Let c be ((-15)/(-9))/(u/(-9)). Let x(r) = r - 1. What is x(c)?
-6
Let f(n) = -n**2 + n + 3. Suppose 0 = 3*o - i - 20, -o + i = 6*i - 12. Let g(c) = -2*c**2 + c + 7. Let s(l) = o*f(l) - 3*g(l). Calculate s(2).
4
Let a be 6/(-21) - 74/(-14). Let p(n) = a*n - 3*n**2 + 5*n**2 - 3*n**2 + 2. Let v = 18 - 14. Calculate p(v).
6
Let q(o) be the first derivative of -5*o**2/2 - o - 96. Suppose -1 = -4*g - 5. Determine q(g).
4
Let i(m) = m**2 + 18 - 15 + m - 26*m**3 - 2. What is i(-1)?
27
Suppose -5*g = -4*p + 26, 2*p - 6*p + 20 = -2*g. Let d = g - -5. Let i(f) = -f**d - f + 2*f**2 + 2 - 2*f**2 + 2*f**2. What is i(2)?
0
Let n(i) = i - 8. Let k(z) = 2*z - 15. Let m(t) = -6*k(t) + 11*n(t). Let w be (-47)/(-9) - 4/18. Suppose -b + w = -0*b + 3*l, 0 = -5*b + 3*l + 7. Give m(b).
0
Let d be ((-51)/(-12))/((-1)/(-4)). Suppose -b = 4*y - 13, d = -3*y - y + 5*b. Let v(u) = 0*u**3 - 7 + 5*u**y + 0*u**3 - u + 10 - u**3. What is v(5)?
-2
Suppose 3*j + u + 20 = 0, -2*j + 0 = -3*u + 6. Let t(o) = -o**3 - 6*o**2 - 1. Give t(j).
-1
Suppose k + 13 = 14. Let w(n) = 2*n**2 - n. What is w(k)?
1
Let a be 2/(-9) - (-202)/18. Let p = a + -8. Let x(u) = -u + 2. Give x(p).
-1
Let n(c) = c + 5. Let j(u) be the third derivative of 5/6*u**3 + 3*u**2 + 0*u + 0 + 1/24*u**4. Let o(d) = -3*j(d) + 4*n(d). Give o(-3).
2
Let c(i) = -i**2 - i - 4. Let v(f) = -f**2 + 6*f + 1. Let p be v(5). Let l be (0 - p)/2*1. Give c(l).
-10
Let r(k) = -3*k - 1. Let i(q) = -3*q. Let p(x) = 5*i(x) - 6*r(x). Let a be (-3)/(-3) + -5*1. Determine p(a).
-6
Let w be ((-2)/4*0)/(-1). Let v be 33/(-9) + 2/3. Let x(y) = -y**2. Let f(j) = 2*j**2 - 3. Let h(p) = v*x(p) - f(p). Determine h(w).
3
Suppose 0 = -3*c + 4 + 5. Suppose 0*y = -c*y + 6. Let w be 8/(2 - 0/y). Let h(d) = -d**3 + 5*d**2 - 3*d. Give h(w).
4
Let k(l) = l**3 - 5*l**2 + 6*l - 3. Let j be (1/2)/(1/16). Suppose -3*b + j = -g, 4*g + g - 3*b = 8. What is k(g)?
5
Let u = 11 - 8. Let i(q) = 0*q - q - u*q. Let z(l) = 2*l**3. Let p be z(1). What is i(p)?
-8
Suppose 0 = 5*d - 31 - 204. Let q(g) = -4 + 42*g + 0 + g**2 - d*g. Calculate q(6).
2
Let h(l) = l**3 - 5*l**2 - 8*l + 7. Let a be (-988)/(-182) - 8/(-14). Determine h(a).
-5
Let x(b) be the third derivative of -b**5/120 + 5*b**3/6 + b**2. Let y(o) be the first derivative of x(o). Give y(-6).
6
Let t = -3 - -6. Let m(q) = q - 5*q**t - 2*q**2 + 5*q**3 - 1 + 4*q**2 - q**3. Determine m(3).
-7
Let u be (-18 - -16) + (-10)/(-4). Let j(b) be the first derivative of -3 - 4/3*b**3 + 0*b - u*b**2. Determine j(-1).
-3
Let i(r) = -4*r. Suppose -3 = -v - 4. Let m be i(v). Suppose 4*q = -0 - m. Let k(z) = 2*z + 1. Give k(q).
-1
Let y(w) = 2 - 7*w - 10*w**2 - 9 + 4 + 10 - w**3. Calculate y(-9).
-11
Let a be (2 + -1 + -1)/(-1). Let h(g) = g**3 - g**2 - g - 3. Determine h(a).
-3
Suppose -2*u - 2 = 8. Let j(g) = 6*g - 84*g**2 - 2 - 4*g + 80*g**2 - g**3 + 3*g. Determine j(u).
-2
Let n(u) = u**2 + 4*u - 8. Suppose -z + 12 = -3*z. Let q be n(z). Let l = 0 + q. Let x(f) = 2*f - 6. Calculate x(l).
2
Let z(d) be the second derivative of d**4/12 + d**2/2 - 2*d + 6. What is z(-2)?
5
Let k(j) = -j + 7. Let d be k(5). Suppose -d*m = -7*m + 20. Let z(l) = l**3 - 5*l**2 + 4*l + 3. What is z(m)?
3
Let i be 2 - 1 - 2 - 15. Let k = 22 + i. Let o(w) = 3 - w + 0*w + 0*w. What is o(k)?
-3
Let i(l) = l**2 + 61 - l + l - 65. Give i(-3).
5
Suppose -z - 4*z = 2*h - 7, 0 = z + h + 1. Let k(r) be the first derivative of -2 - 1/4*r**4 + 7/2*r**2 + 2/3*r**z - 5*r. Determine k(4).
-9
Let b(i) = 3*i + 3. Let z(k) = -48*k - 48. Let q(d) = -33*b(d) - 2*z(d). Determine q(-2).
3
Let n(s) = 4 - s + 2 - 1 - 1. Let q = -2 + 2. What is n(q)?
4
Let f(x) = 4*x - 2. Let c(t) = -7*t + 3. Let i(s) = 3*c(s) + 5*f(s). Let h = 8 + -16. Let z = -11 - h. Determine i(z).
2
Suppose -3 = -5*v + 12. Let n(p) be the third derivative of 0 + 0*p - 1/6*p**4 - 1/15*p**5 + 1/6*p**v + 1/120*p**6 + 2*p**2. Give n(5).
6
Let c(r) = -4*r**2 - 9*r - 4. Let w(u) = 5*u**2 + 10*u + 4. Let y(s) = -4*c(s) - 3*w(s). Let k(t) = 3*t + 5. Let q be k(-3). What is y(q)?
-4
Suppose 3*l = -3*j - 9, -4 = j - 1. Let y(s) = -1 + l*s - s - 2. Calculate y(-5).
2
Let c(s) = -s + 1. Let y(f) = -f**3 - 4*f**2 + 4*f - 2. Let l be y(-4). Let a = 19 + l. Give c(a).
0
Let h(d) = d**2 + 3*d - 2. Suppose -2*l + 3*n - 14 = 0, 5*l = n + 2*n - 17. Let f(x) = x**2 - 4*x + 1. Let k be f(4). Let a = k - l. Give h(a).
8
Let g(h) be the first derivative of -h**4/4 + 5*h + 54. Suppose -2*i - 2*i = 8. Let y be 1/i*0/(-2). Give g(y).
5
Let s be 2 + 1 + 6/2. Let h(m) = m**2 - 6*m - 6. Give h(s).
-6
Let h = 185 - 181. Let u(n) = -n**3 + 4*n**2 - 2*n + 1. What is u(h)?
-7
Let t(a) be the second derivative of -5*a**4/12 + 5*a. Determine t(1).
-5
Let y be 8 + 1/(1/1). Let h be (-2)/(-6) - 21/y. Let x(t) = 9*t + 8. Let v(a) = 8*a + 7. Let d(c) = 5*v(c) - 4*x(c). Determine d(h).
-5
Suppose 2*b + 10 = 5*a - b, b - 5 = 0. Let w be 1 - a/((-5)/(-2)). Let q(k) = -2*k - 1. Determine q(w).
1
Let p(h) = -h**2 + 4*h + 1. Let c(k) = -3*k - 91. Let a be c(-32). Determine p(a).
-4
Let c = 10 + -3. Let b(d) = -c + 4*d**2 - 2*d**2 - 7*d - 3*d**2. Let v be (-9)/2 + 1/(-2). What is b(v)?
3
Suppose -4*t + 5 - 37 = 0. Let v(h) = h**3 + 9*h**2 + 8*h + 9. Calculate v(t).
9
Let z(q) = 21*q**2 - 17*q + 14. Let s(b) = -7*b**2 + 6*b - 5. Let c(r) = -17*s(r) - 6*z(r). Give c(1).
-6
Suppose 20 + 4 = 3*y. Suppose 4*v - y = 4. Let j(z) = -5*z - 4. Let d(b) = 9*b + 7. Let k(w) = -6*d(w) - 11*j(w). Determine k(v).
5
Let c(w) = 2*w - 7. Suppose 27 = 3*m + 3*g, 2*g - 13 + 1 = -m. Let a = m - 0. Dete